r of o(8)?
False
Let n = 1111 - 788. Does 17 divide n?
True
Let h(q) = 114*q**2 + 2*q + 1. Is h(1) a multiple of 25?
False
Let p = -7 - -9. Suppose -p*i - 36 = -6*i. Is 3 a factor of i?
True
Let z = 3 - 4. Let d = -1 + z. Does 2 divide 4 - (4 - (0 - d))?
True
Let m(j) = 6*j**3 + j**2 - 4*j - 12. Is 12 a factor of m(4)?
True
Suppose -1 - 3 = -2*a. Suppose -2*k = -0*g + a*g - 112, -2*g - k + 116 = 0. Is 24 a factor of g?
False
Does 35 divide 705/(1 - -4) - (2 - 1)?
True
Let z(o) = 27*o**3 - 1. Does 6 divide z(1)?
False
Is 2 a factor of 1/(1/(-3)) - (-1 + -18)?
True
Suppose -4*y - 106 = 582. Is 0 - y/(-8)*-2 a multiple of 11?
False
Is (30 + -1 - 1)*2 a multiple of 15?
False
Let u be (-26)/(-10) - (-10)/25. Suppose -p - p = -4*n - 46, -42 = -3*p - u*n. Is 5 a factor of p?
False
Suppose 2*n + 33 = 113. Let r(s) = s**3 + 5*s**2 + 3*s - 1. Let y be r(-3). Suppose 0 = -y*h + 4*h + n. Is 8 a factor of h?
False
Suppose g + 4*p = 2*g - 120, 2*p = -2. Does 30 divide g?
False
Let h(d) = d**2 - 4. Let o(p) = -p**3 - 4*p**2 - 2*p + 1. Let y be o(-4). Suppose -15 = 4*i + y. Is h(i) a multiple of 12?
False
Let v be ((-8)/(-28))/((-2)/(-14)). Let c = v + 0. Suppose -16 = c*g - 4*g. Is 4 a factor of g?
True
Let n = 34 - -17. Does 17 divide n?
True
Let x(f) = -8*f - 12. Let i be x(-8). Suppose -2*h - 2*h = -i. Does 13 divide h?
True
Let i(q) = -q**3 - 2*q**2 - 2*q + 1. Let d be (4 - 2)*6/(-4). Is 16 a factor of i(d)?
True
Let a(g) = 3*g**2 - 4*g - 4. Let u be a(6). Suppose 10 = 5*r - u. Let s = r + -4. Is 14 a factor of s?
True
Let a(s) = -12*s**2 - s + 7. Let y(g) be the second derivative of -11*g**4/12 - g**3/6 + 3*g**2 - 2*g. Let v(p) = 4*a(p) - 5*y(p). Is v(-2) a multiple of 12?
True
Is 91/6 + (-7)/42 a multiple of 2?
False
Let t(w) = 2*w**2 + 2*w - 2. Let d(b) = -b**2 - 6*b - 7. Let n be d(-5). Let r be t(n). Suppose -r*s + 6 = -5*k, -k + 1 + 2 = s. Is s a multiple of 2?
False
Let w(b) = b**2 + 7*b + 3. Let v be w(-7). Suppose i - v - 2 = 0. Does 2 divide i?
False
Let u be (-23)/2 - 24/(-16). Let y = -1 - u. Is 2 a factor of y?
False
Let f(m) = -m**3 + m + 32. Is f(0) a multiple of 19?
False
Suppose -6*q = 26 - 260. Does 12 divide q?
False
Suppose 2*a + 18 = 2*x, 2*a - 48 = -3*x - 1. Is x a multiple of 13?
True
Let w(n) = n + 1. Let i be w(-2). Is 13 a factor of (-41)/(-2) + i/2?
False
Suppose -3*m - 2*w + 14 = 0, 0 = -2*m - 4*w + 12 + 8. Let j be 2 + (2 - (2 - m)). Suppose j*k = 2*k + 72. Is k a multiple of 18?
True
Let d(r) = -16*r + 182. Does 15 divide d(0)?
False
Let g(z) be the first derivative of z**4/4 - 3*z**3 + 9*z**2/2 - 4*z - 2. Is 22 a factor of g(9)?
False
Let v be 1 + (3 - (1 + 1)). Is 9 a factor of 66/v + 8/(-4)?
False
Let g = -20 + 39. Let d = g + -33. Is 10 a factor of (-6)/4*(2 + d)?
False
Suppose 0 = -2*p + 2*m - 4*m, 5*p = -3*m - 4. Does 4 divide 11/((p/1)/(-2))?
False
Suppose 4*f + 43 = 207. Is f a multiple of 11?
False
Suppose 3*o = o + 80. Let h be o/(-3)*48/(-10). Suppose -4*l + h + 24 = 0. Is 11 a factor of l?
True
Suppose -2*z = -16 - 4. Is 5 a factor of z?
True
Suppose 0 = -2*y + 15 - 3. Suppose s + 5*b = 4, b = 5*s - 0 + y. Is 8 a factor of ((-64)/12)/(s/3)?
True
Let p(a) = -2*a + 5. Let i be p(5). Is 11 a factor of 11 - -1 - (i + 2)?
False
Suppose 3*a + 2 - 11 = 0. Suppose u = a*p - 244, 248 = 3*p - 8*u + 3*u. Suppose -3*g = 15 - p. Is g a multiple of 11?
True
Let u(b) be the second derivative of b**5/20 + 3*b**4/4 - b**3/6 - 11*b**2/2 - 4*b. Let o be u(-9). Does 3 divide (0 - o)/((-2)/(-7))?
False
Let c = 8 + 0. Suppose 0 = -3*h - 7 - c. Let o(z) = -5*z - 3. Is o(h) a multiple of 11?
True
Suppose -c - 3 = -0*c - 4*o, -3*o - 19 = -5*c. Is c a multiple of 5?
True
Suppose 0 = 5*p - 9*p + 112. Is 7 a factor of p?
True
Let b be 9/6*8/6. Is ((-35)/(-14))/(b/12) a multiple of 15?
True
Let d(z) = 1. Let n(y) = -31*y + 2. Let r(j) = -3*d(j) + n(j). Let h be 0 - -3*4/(-6). Is r(h) a multiple of 23?
False
Suppose -26 = -2*i + 3*w + 59, 0 = i + 5*w - 49. Is 11 a factor of i?
True
Suppose z = 2*f + 45 - 146, 0 = -2*f + 2*z + 106. Suppose 3*b - f = -4*d, -3*d + 0*d + 2*b + 53 = 0. Is d a multiple of 3?
True
Let a = 66 + -38. Does 14 divide a?
True
Let w(x) = 39*x**3 - 2*x**2 + 2*x + 2. Let t(q) = 78*q**3 - 3*q**2 + 3*q + 3. Let r(h) = -3*t(h) + 5*w(h). Is r(-1) a multiple of 23?
False
Suppose -4 = -4*r, -y - 3*y + 2*r + 170 = 0. Is 5 a factor of y?
False
Suppose 0 = -0*a - a + 4. Is a even?
True
Let c = 660 - 391. Does 16 divide c?
False
Let h(b) = -3*b - 1 + 2*b + 10*b**2 - b**3 + 14. Let y be h(10). Suppose -3*d + 34 = 2*d - 4*p, 3*p = y*d - 18. Does 8 divide d?
False
Let y(s) = s**3 + 5*s**2 - 9*s - 15. Is y(-6) a multiple of 2?
False
Let l(o) = -13*o - 9. Let a be l(-10). Suppose -a - 71 = -4*b. Is 24 a factor of b?
True
Suppose 3*c + 4*d + 43 = 0, 0 = 2*c + 3*c + 4*d + 85. Let j = c + 35. Does 14 divide j?
True
Suppose 4*t + 0*h + 7 = 3*h, -t + 2*h + 2 = 0. Let i be (3/(-2))/(3/t). Is 1 + (-2)/i + 2 a multiple of 2?
True
Let n(k) = -2*k - 28. Does 3 divide n(-21)?
False
Let j(p) = p**2 - 7*p + 5. Is j(7) a multiple of 2?
False
Let f = -350 - -768. Is 33 a factor of f?
False
Suppose 5*d + 1 = -4*l - 1, -5 = 5*d + 5*l. Suppose -20 - 20 = -5*i + 2*c, -4*i - 2*c + 14 = 0. Suppose y = d*y + 3*h - i, -5*h = 5*y - 20. Does 2 divide y?
False
Suppose -3*t + 50 = 4*l, -17 = -t + l - 5. Is 7 a factor of t?
True
Suppose 3*u = 0, 15 = 3*v - 5*u - 45. Is 10 a factor of v?
True
Let i = 65 + 30. Suppose i = 3*j - 2*g - 62, 0 = -3*j + 4*g + 161. Is (-1)/(-3)*j/1 a multiple of 10?
False
Let i = -23 + 45. Is i a multiple of 22?
True
Let y = -21 - -39. Let l be 4/y - (-47)/(-9). Let b(f) = -4*f + 7. Is b(l) a multiple of 9?
True
Let m(i) = i**3 - 9*i**2 + 10*i - 1. Let g be m(8). Let c = g - -10. Does 11 divide c?
False
Let i be (-655)/35 - (-4)/(-14). Let v = i + 37. Let p = 6 + v. Does 12 divide p?
True
Let d be 2/(-4)*(-2)/(-1). Let q = 3 - d. Is q even?
True
Let p = 4 - 19. Let b = p + 34. Does 15 divide b?
False
Suppose -11 = -4*q - 3. Suppose -3*y + 2*f - q = -0*f, -6 = y - 2*f. Does 2 divide y?
True
Let s = 32 + -20. Is 6 a factor of s?
True
Let s be ((-8)/(-20))/(4/10). Let z be ((3 + -6)/(-3))/s. Is 13 a factor of 1*-22*(0 - z)?
False
Suppose 12*f - 136 = 104. Does 5 divide f?
True
Suppose 25 = 5*t, -g - g + 3*t = 23. Is 9 a factor of (g - -3)/1 + 28?
True
Suppose -4*h = -3 - 5. Let d(y) = -6*y - 1. Let p be d(-4). Suppose -4*l + p + 97 = h*o, 0 = 5*o + l - 255. Does 21 divide o?
False
Let l(t) = -t**2 + 5*t. Let v be ((-12)/15)/(2/(-10)). Let b be l(v). Is 4 a factor of -2 + 0 + (14 - b)?
True
Let w be (-6 - -4)*(-2)/(-4). Is (0 - (0 + 14))/w a multiple of 9?
False
Suppose 542 + 2786 = 16*p. Is 26 a factor of p?
True
Let h(k) = -2*k + 3. Is h(-3) a multiple of 9?
True
Suppose -3*n + 645 + 309 = 0. Suppose -r = -4*d - 56, -2*r - n = -7*r + d. Is 17 a factor of r?
False
Let u(a) = a**3 + 5*a**2 - 5*a + 7. Let n be u(-6). Let i(g) = -g**2 - 2 + 8*g + n + 2. Does 3 divide i(7)?
False
Suppose 51 = 5*m - 189. Does 6 divide m?
True
Suppose -a = -80 - 4. Is 12 a factor of a?
True
Suppose 3*w = 3*g + 507, -2*g - 6*w - 344 = -5*w. Let i = -122 - g. Is 16 a factor of i?
False
Let p be -1 + 10 + (-1)/1. Let o = 11 - p. Does 3 divide o?
True
Let s = -1 + 3. Suppose -5*v + 0*v + 21 = 2*k, 14 = s*v - 2*k. Suppose 3*j = o - 8, 0*o - 2*o + 49 = v*j. Is 16 a factor of o?
False
Let x = -6 + 12. Let k(o) = -o + 8. Does 2 divide k(x)?
True
Suppose y - 246 = -46. Suppose -z + y = 4*z. Suppose 4*i = -i + z. Does 4 divide i?
True
Let n(c) = c**3 - 8*c**2 - 12*c + 5. Suppose -27 = -k - 2*k. Let x be n(k). Let d = x + 32. Is 5 a factor of d?
True
Suppose -3*s - 4*f + 89 = 0, -f - 30 = -2*s + 44. Is s a multiple of 5?
True
Suppose c = -5*o - 268, -c + 2 = -0. Let g = 94 + o. Is 10 a factor of g?
True
Let f be 1/(40/12 - 3). Suppose -f*l + 34 = -l. Is l a multiple of 17?
True
Let a(d) = 77*d**2 - 2*d. Let q be a(-2). Suppose 2*s + 3*o = 139, -4*s = 5*o - q + 29. Suppose 0 = 5*g - 2*i - 172, 2*i = 3*g - s - 27. Is 17 a factor of g?
True
Let b(w) = -w**2 - 19*w + 8. Is b(-12) a multiple of 30?
False
Suppose 3*h = 2*c + 19, 3*c = 2*c - 5. Suppose f = h*f - 26. Is 5 a factor of f?
False
Suppose 3*v - 30 = -2*v. Let d(o) = -o**3 + 6*o**2 + 4*o - 2. Is d(v) a multiple of 11?
